) = s**3 - 19*s**2 - 36*s - 131. Calculate j(21).
-5
Let l(o) = -o**3 + o**2 - 2*o + 21. What is l(0)?
21
Let c(l) = -l**2 + 20*l - 21. Give c(19).
-2
Let s(i) = -7*i + 31. Give s(5).
-4
Let w(o) = o**3 - 23*o**2 - 3*o + 28. Give w(23).
-41
Let r(k) = -k**3 + 5*k**2 - 5*k + 3. Calculate r(5).
-22
Let n(t) = -t**2 + 13*t + 5. Determine n(12).
17
Let g(p) = -p**2 + 34. Give g(-12).
-110
Let m(y) = y**2 - 5*y - 13. Calculate m(6).
-7
Let i(q) = -q**3 - 6*q**2 + 2. Give i(-5).
-23
Let y(g) = -g - 8. Give y(-5).
-3
Let h(i) = -i**3 - i**2 - i. Calculate h(-2).
6
Let f(w) = -w - 1. Determine f(-2).
1
Let g(l) = -5*l + 118. Calculate g(13).
53
Let u(y) = y**3 + 2*y**2 + 3*y + 2. Determine u(-2).
-4
Let v(b) = -5*b + 14. Give v(7).
-21
Let y(l) = 5*l**2 + 5. Give y(-3).
50
Let x(f) = 5*f + 14. Give x(-9).
-31
Let f(d) = d**3 + 15*d**2 + 13*d - 11. Give f(-14).
3
Let s(u) = -8*u - 5. Determine s(-4).
27
Let g(v) = -v**3 - 12*v**2 + 12*v - 19. Determine g(-13).
-6
Let v(f) = -f**2 + 10*f + 5. What is v(10)?
5
Let b(j) = -10*j + 240. Determine b(22).
20
Let l(j) = 12*j - 15. What is l(5)?
45
Let s(w) = 43*w**2 - 1. What is s(-1)?
42
Let t(z) = 3*z**3 + z**2 + z + 13. What is t(0)?
13
Let s(n) = n**2 + 2*n + 73. Calculate s(0).
73
Let b(i) = -5*i + 17. Calculate b(5).
-8
Let t(l) = -l**2 - 3*l - 1. What is t(-5)?
-11
Let q(p) = -3*p - 5. Give q(10).
-35
Let t(b) = 38*b**2. Give t(-1).
38
Let r(o) = -2*o**2 + 12*o + 27. What is r(-6)?
-117
Let m(j) = j**2 - 26*j + 40. What is m(26)?
40
Let g(a) = a**3 + 9*a**2 - 18*a - 23. Calculate g(-11).
-67
Let i(h) = -2*h**2 + 18*h - 2. Calculate i(9).
-2
Let t(b) = b**2 - 3*b - 10. Calculate t(5).
0
Let z(k) = k**3 - 28*k**2 - 32*k + 55. Calculate z(29).
-32
Let l(y) = -2*y + 20. Calculate l(9).
2
Let n(q) = q**3 + 21*q**2 - 25*q - 48. What is n(-22)?
18
Let j(q) = -2*q - 5. Calculate j(-1).
-3
Let f(v) = 4*v + 12. What is f(-2)?
4
Let q(f) = f**2 - 11*f - 12. Calculate q(12).
0
Let g(s) = s**3 - 11*s**2 + 26*s + 14. Give g(8).
30
Let l(h) = -34*h - 28. Determine l(-1).
6
Let w(n) = n**2 - 5*n - 38. Give w(-4).
-2
Let s(m) = 3*m - 27. Calculate s(7).
-6
Let b(y) = y**2 + 23*y + 22. Determine b(-22).
0
Let c(k) = 16*k**2 - 4*k + 4. Determine c(1).
16
Let b(y) = y**3 - 8*y**2 - 8. Determine b(8).
-8
Let u(c) = -c**3 - 6*c**2 + 18*c + 8. Determine u(-8).
-8
Let o(s) = s**3 + 5*s**2 - 26*s - 31. Calculate o(-8).
-15
Let q(i) = i**2 - 8*i - 36. Calculate q(-3).
-3
Let u(v) = 2*v**2 + 11*v - 9. Determine u(-6).
-3
Let o(n) = -15*n - 11. Calculate o(0).
-11
Let p(v) = v**3 + 29*v**2 + 57*v + 96. Determine p(-27).
15
Let r(x) = -4*x**2 - 95*x + 25. Calculate r(-24).
1
Let v(h) = 4*h + 12. Calculate v(-7).
-16
Let c(f) = -3*f - 49. Give c(-17).
2
Let x(k) = 5*k**3 - 5*k - 3. What is x(-2)?
-33
Let f(v) = -v**2 - v - 12. Give f(-5).
-32
Let k(x) = -21*x + 2. Calculate k(-2).
44
Let s(a) = -4*a**2 + 5*a - 1. What is s(2)?
-7
Let w(g) = -16*g - 102. Calculate w(-6).
-6
Let m(b) = 14*b + 25. Determine m(-1).
11
Let k(x) = -5*x**2 + 5*x - 2. What is k(6)?
-152
Let q(r) = r**3 + r**2 - 4*r + 1. Calculate q(2).
5
Let n(h) = -h**3 - 17*h**2 - 14. Give n(-17).
-14
Let r(x) = -14*x**2 - 3*x - 1. Give r(-1).
-12
Let f(x) = -x**2 + 17*x - 54. Calculate f(14).
-12
Let t(i) = i**3 - 8*i**2 + 3*i + 3. What is t(8)?
27
Let c(w) = w**2 + 5*w - 1. What is c(-5)?
-1
Let k(b) = 6*b**2 - 9*b. Give k(2).
6
Let v(i) = 2*i - 18. Determine v(12).
6
Let m(g) = -g**2 - 4*g. What is m(-3)?
3
Let l(x) = x - 2. What is l(-14)?
-16
Let t(k) = -2*k**2 + k - 2. Calculate t(2).
-8
Let y(h) = 2*h**3 + 8*h**2 + h - 2. Give y(-4).
-6
Let c(r) = 2*r**2 + 1. Calculate c(-4).
33
Let d(j) = -j**3 - 19*j**2 - 17*j + 17. What is d(-18)?
-1
Let d(l) = -7*l**3 - 37*l**2 - 9*l - 14. Determine d(-5).
-19
Let m(i) = 10*i**2 - 110*i + 2. What is m(11)?
2
Let n(j) = -j**3 - 11*j**2 + 3*j + 20. Determine n(-11).
-13
Let p(n) = -n**3 + 4*n**2 + 4. Give p(4).
4
Let d(n) = -n**3 - 12*n**2 + 39*n + 153. What is d(-14)?
-1
Let v(p) = -p**2 + p. Give v(3).
-6
Let a(u) = u**3 + 7*u**2 - 4*u - 5. Determine a(-7).
23
Let i(z) = z + 22. Give i(-8).
14
Let o(u) = 2*u + 8. Give o(5).
18
Let w(k) = 4*k - 6. Give w(5).
14
Let d(b) = b**2 - 11*b + 18. Determine d(8).
-6
Let n(p) = -p**2 + 21*p - 57. Give n(18).
-3
Let x(y) = -31*y + 10. Give x(1).
-21
Let m(g) = 10*g**3 - 2*g**2 + g + 2. Calculate m(-1).
-11
Let h(q) = -q**2 - 17*q - 11. Determine h(0).
-11
Let m(p) = 2*p - 2. Determine m(0).
-2
Let m(k) = 3*k**2 + 1. Determine m(1).
4
Let k(p) = -p**2 - 5*p - 3. Calculate k(-3).
3
Let n(h) = h**2 + 5*h - 11. Calculate n(-6).
-5
Let w(g) = g + 20. Give w(-19).
1
Let b(l) = l**3 + l**2 + l + 35. Determine b(0).
35
Let k(j) = -j**3 - 44*j**2 - 41*j + 94. Give k(-43).
8
Let k(z) = -2*z**3 + 6*z**2 + 3*z + 2. Determine k(4).
-18
Let w(m) = -m**2 + 2*m + 2. Calculate w(0).
2
Let k(a) = a**3 - 7*a**2 - 12*a + 28. Give k(8).
-4
Let w(n) = -6*n + 4. Calculate w(-1).
10
Let d(l) = -l**2 - 13*l - 7. Determine d(-10).
23
Let t(g) = -2*g**3 + g**2 + 2*g - 2. Determine t(2).
-10
Let y(q) = q**3 - 25*q**2 + 27*q - 42. What is y(24)?
30
Let k(l) = -l - 8. What is k(-30)?
22
Let w(r) = r**2 + r - 12. Determine w(-5).
8
Let q(j) = -j**3 + j**2 - j + 14. What is q(0)?
14
Let t(a) = a - 24. Determine t(-7).
-31
Let i(u) = -4*u + 26. Calculate i(8).
-6
Let p(b) = 3*b**2 + 11. What is p(4)?
59
Let d(i) = -i**3 + 10*i**2 - 14*i - 19. Give d(8).
-3
Let l(y) = -y - 26. Determine l(-12).
-14
Let z(m) = -105*m + 515. What is z(5)?
-10
Let p(l) = -7*l**2 + 4*l - 4. Determine p(1).
-7
Let r(s) = -2*s**2 - 5*s - 9. Determine r(5).
-84
Let u(f) = -20*f - 62. What is u(-4)?
18
Let w(g) = 3*g + 17. Give w(-11).
-16
Let q(b) = -3*b - 5. Calculate q(12).
-41
Let n(v) = 3*v**2 + 35*v. Give n(-12).
12
Let n(p) = 13*p - 7. What is n(0)?
-7
Let i(b) = -b**2 + 5*b + 3. Calculate i(-5).
-47
Let p(f) = -5*f**2 + 2*f + 2. Determine p(2).
-14
Let z(n) = 20*n - 6. What is z(5)?
94
Let p(s) = -6*s + 83. Determine p(15).
-7
Let r(n) = -2*n**2 - 3*n - 1. Determine r(-2).
-3
Let i(a) = -a**3 + 3*a**2 + 7*a - 6. Give i(5).
-21
Let q(y) = y**2 - 3*y - 7. Give q(3).
-7
Let q(u) = 4*u**3 - 2*u**2 - 2*u + 1. Determine q(-2).
-35
Let p(y) = y - 4. Determine p(6).
2
Let s(y) = -y**3 + 6*y**2 - 7*y + 4. Give s(4).
8
Let k(j) = -31*j + 930. What is k(30)?
0
Let r(y) = -y**2 + 5*y - 10. Give r(4).
-6
Let r(s) = 3*s + 97. Determine r(-30).
7
Let l(b) = 4*b**3 - 3*b - 3. What is l(-2)?
-29
Let p(l) = l**2 + 8*l - 2. Calculate p(-9).
7
Let s(i) = -i**2 + 10*i - 4. What is s(6)?
20
Let c(s) = s**2 + 18*s - 28. What is c(-18)?
-28
Let i(h) = -5*h - 44. Determine i(-10).
6
Let m(x) = -2*x - 65. Give m(-18).
-29
Let p(d) = 36*d + 49. What is p(-1)?
13
Let h(g) = -10*g**2 + g. Calculate h(1).
-9
Let u(j) = -j**3 - 6*j - 5. What is u(-3)?
40
Let p(c) = c**2 + 21*c + 108. Determine p(-9).
0
Let n(r) = r**3 + 5*r**2 - 3*r + 4. Give n(-6).
-14
Let x(i) = 24*i**2 - 14*i + 12. Calculate x(1).
22
Let x(w) = 2*w**2 - 14*w - 34. Determine x(13).
122
Let o(v) = -v**2 - 18*v - 27. Calculate o(-16).
5
Let p(z) = 9*z - 6. Calculate p(3).
21
Let t(q) = 15*q + 111. Determine t(-8).
-9
Let r(c) = c**3 + 6*c**2 + 6*c - 2. Give r(-5).
-7
Let q(s) = -s**3 - 3*s**2 - 5. Calculate q(-4).
11
Let b(h) = 31*h + 16. What is b(-5)?
-139
Let b(u) = -2*u + 7. What is b(-7)?
21
Let y(v) = -v**2 - 9*v - 3. Calculate y(-7).
11
Let x(w) = w**2 - 5*w - 2. What is x(6)?
4
Let d(z) = -4*z + 12. Calculate d(-5).
32
Let x(w) = -9*w - 120. What is x(-14)?
6
Let m(a) = -a**3 + 5*a**2 - a. Calculate m(5).
-5
Let h(m) = m**3 + 10*m**2 + 25*m + 2. Give h(-6).
-4
Let j(c) = -11*c + 92. What is j(9)?
-7
Let d(w) = -4*w**2 + 3*w + 2. What is d(-2)?
-20
Let c(n) = -10*n**2 - 96*n - 95. What is c(-1)?
-9
Let x(u) = u**3 + 11*u**2 + 12*u + 6. Calculate x(-10).
-14
Let n(b) = 2*b**3 - 31*b**2 - 6*b - 153. Determine n(16).
7
Let y(d) = d**3 + 35*d**2 - 35*d + 26. Calculate y(-36).
-10
Let k(f) = f + 3. Give k(4).
7
Let j(c) = -c**3 + 4*c**2 - 14*c + 41. Determine j(3).
8
Let n(a) = -a**2 + 3*a + 2. Calculate n(2).
4
Let a(o) = -39*o**3 - 3*o - 3. Give a(-1).
39
Let g(r) = -23*r - 139. Give g(-6).
-1
Let p(a) = 4*a - 42. Give p(16).
22
Let c(f) = -3*f**2 + 62*f - 26. Give c(20).
14
Let v(n) = n**3 - 